
In base 13, what is 17 - 9bc5?
-9bab
In base 13, what is 1327510 - -2?
1327512
In base 13, what is -348 - -4b?
-2ca
In base 7, what is -11 + 114244?
114233
In base 11, what is -15848 - -2?
-15846
In base 4, what is 31210211 + 33?
31210310
In base 4, what is 11 - 1010010310?
-1010010233
In base 15, what is 6ed - d?
6e0
In base 2, what is -110111000001001010 - -1101?
-110111000000111101
In base 10, what is 2230 + 48?
2278
In base 4, what is -30020 - 32221?
-122301
In base 5, what is -422112 - -13?
-422044
In base 7, what is -52 + -230612?
-230664
In base 11, what is 3 + -1831?
-1829
In base 14, what is -436 - -44?
-3d2
In base 13, what is -111a0 + c?
-11191
In base 4, what is 3132322 + -22?
3132300
In base 6, what is 1143 + -51?
1052
In base 7, what is -13 + -121233?
-121246
In base 14, what is -6145a1 + -3?
-6145a4
In base 2, what is -1 + -10010111110110000?
-10010111110110001
In base 12, what is -311b5 - 4?
-311b9
In base 14, what is -37425 + -2?
-37427
In base 14, what is 41b9 - -b?
41c6
In base 14, what is -106 - 69?
-171
In base 8, what is -40 + 13522?
13462
In base 11, what is 117189 - -1?
11718a
In base 8, what is -46 + -1676?
-1744
In base 16, what is 96 - 137?
-a1
In base 14, what is -18732 - -2?
-18730
In base 13, what is -99a8c - -5?
-99a87
In base 8, what is 467 - 1456?
-767
In base 10, what is 2 + -44253?
-44251
In base 16, what is 627a - -1f?
6299
In base 14, what is -6593b + 3?
-65938
In base 2, what is 1 + -111100010010?
-111100010001
In base 3, what is -100021 - -11021120?
10221022
In base 15, what is -eaba - -1?
-eab9
In base 10, what is 9509 + 5?
9514
In base 3, what is 10220 - 110120012?
-110102022
In base 9, what is -2 - 241536?
-241538
In base 10, what is -339 - -181?
-158
In base 2, what is 10 + -101110111001?
-101110110111
In base 12, what is -62b + a4?
-547
In base 14, what is -49bab - -1?
-49baa
In base 7, what is -1341 - 10?
-1351
In base 15, what is 1ba8d - 5?
1ba88
In base 11, what is -31 + a16?
995
In base 3, what is -201102211 - 10?
-201102221
In base 10, what is -2 - 238?
-240
In base 10, what is 5 + 8357?
8362
In base 9, what is 6 + 1344144?
1344151
In base 7, what is 2502010 + -3?
2502004
In base 13, what is -1 + -6bb8?
-6bb9
In base 12, what is -14 + -204b?
-2063
In base 7, what is -2420 + 266?
-2121
In base 8, what is -53031 - -33?
-52776
In base 8, what is 35 + -4005?
-3750
In base 3, what is 1 + -2122112020?
-2122112012
In base 10, what is -12 + 72079?
72067
In base 6, what is 1 + -11055431?
-11055430
In base 7, what is 13 + -3300536?
-3300523
In base 7, what is 21 - -6143?
6164
In base 9, what is -2114605 + -1?
-2114606
In base 10, what is 121 + -12302?
-12181
In base 16, what is 2311ea - -5?
2311ef
In base 11, what is 36 + 855?
890
In base 4, what is 2012333 + 132?
2013131
In base 11, what is 4 - 9829?
-9825
In base 4, what is 1123 + 21130?
22313
In base 9, what is 603 + -548?
44
In base 7, what is -4 + 25403?
25366
In base 14, what is 130 - -418d?
42bd
In base 14, what is -222d + 139?
-20d4
In base 7, what is -63 + 2064?
2001
In base 3, what is -1120 + -100001020?
-100002210
In base 5, what is 4 + 21221243?
21221302
In base 11, what is 3 + 63400?
63403
In base 4, what is 33 + 1102132?
1102231
In base 13, what is 1c4 - -46?
23a
In base 4, what is 12123 + -21010?
-2221
In base 9, what is 118 - 3302?
-3173
In base 3, what is 12210111022 - 10?
12210111012
In base 3, what is -22200 - 10122020?
-10221220
In base 6, what is -1041412 + -5?
-1041421
In base 6, what is 15040045 + 4?
15040053
In base 15, what is d - -1a03?
1a11
In base 8, what is -1 + 1672566?
1672565
In base 4, what is 22123 + 102102?
130231
In base 13, what is 9a5909 - 4?
9a5905
In base 8, what is 5 + 507335?
507342
In base 16, what is 12 - -1152a?
1153c
In base 4, what is -11 - 20310332?
-20311003
In base 13, what is 9c - -2a4?
373
In base 15, what is 24 + -547c?
-5458
In base 14, what is 24bb - -9?
24c6
In base 4, what is -323131111 + 3?
-323131102
In base 4, what is -23323 + -321?
-30310
In base 3, what is -11120121101111 + -10?
-11120121101121
In base 14, what is -11ba - -69?
-1151
In base 6, what is -253 + 200?
-53
In base 15, what is -5 + -10089?
-1008e
In base 8, what is -241354 - 3?
-241357
In base 8, what is 1253 + -133?
1120
In base 8, what is 1043 + -225?
616
In base 2, what is -110101100 - 100000111?
-1010110011
In base 8, what is -51 - 154?
-225
In base 8, what is 150 + 1332?
1502
In base 12, what is -9b + 2424?
2345
In base 5, what is 41 - -2220?
2311
In base 12, what is 1147 - -110?
1257
In base 5, what is 1012320 + 1?
1012321
In base 2, what is 100010101101 + 101001110?
100111111011
In base 15, what is -4 - 20ba4?
-20ba8
In base 9, what is -1427 - -16?
-1411
In base 6, what is -43035433 + -5?
-43035442
In base 9, what is 36360 + -1?
36358
In base 14, what is 0 + -c2735?
-c2735
In base 15, what is bb6 - -27?
bdd
In base 6, what is 4 + -1340002?
-1335554
In base 16, what is -ea0 - -a?
-e96
In base 15, what is -25a + -212a?
-2385
In base 7, what is -542 - -20?
-522
In base 4, what is -311 - -22220?
21303
In base 15, what is 0 + -2be6?
-2be6
In base 12, what is -6b1 - b8?
-7a9
In base 2, what is 10011111011010000 - 1?
10011111011001111
In base 2, what is 1000001101001 - 100?
1000001100101
In base 11, what is -3 - -286a37?
286a34
In base 8, what is 2 + 34641?
34643
In base 5, what is 10 + -221442?
-221432
In base 10, what is -2 - 65439?
-65441
In base 12, what is -4 - -1483?
147b
In base 12, what is -14892 - -a?
-14884
In base 6, what is -253212155 - -2?
-253212153
In base 5, what is 24033 - -12332?
41420
In base 16, what is -15 - -510?
4fb
In base 6, what is 142432 - -1?
142433
In base 10, what is 7 + 61820?
61827
In base 14, what is 3 + 1945c6?
1945c9
In base 7, what is 616331 + -3?
616325
In base 16, what is -bd - 5f?
-11c
In base 11, what is -100a9 - -110?
-aa99
In base 15, what is -c7c - -26?
-c56
In base 3, what is 0 + 12210202?
12210202
In base 8, what is 0 + 7327?
7327
In base 12, what is 1b8 - bab?
-9b3
In base 3, what is 10221 + 122100021?
122111012
In base 4, what is 21031 - 2?
21023
In base 2, what is 10010110010101110 + 1110?
10010110010111100
In base 15, what is 43 + 21a?
25d
In base 13, what is -17bb + -6?
-17c4
In base 12, what is -452 + 7?
-447
In base 7, what is -1 - 164?
-165
In base 7, what is 3 - 20534624?
-20534621
In base 4, what is -3 + -122330302?
-122330311
In base 11, what is -4305 + 26?
-428a
In base 11, what is 4 + 287598?
2875a1
In base 3, what is -21001 - 110022?
-201100
In base 16, what is -3f0f - -6?
-3f09
In base 4, what is 13 - 22002323?
-22002310
In base 15, what is 16b - -cb?
247
In base 15, what is -2e18 + -84?
-2e9c
In base 4, what is -133123032 + -13?
-133123111
In base 13, what is c38 - -7?
c42
In base 6, what is 3551 + -34040?
-30045
In base 16, what is 4c8 + -13d?
38b
In base 16, what is -30cd - -1c?
-30b1
In base 6, what is 12 - -12225554?
12230010
In base 11, what is -1202 - -9?
-11a4
In base 9, what is 208674 + 4?
208678
In base 9, what is 145863 - 5?
145857
In base 15, what is 159 + -1e8?
-8e
In base 13, what is 5 - 64b7?
-64b2
In base 8, what is 73 + 43113?
43206
In base 8, what is -13117530 + -3?
-13117533
In base 13, what is -970 - -9c?
-8a1
In base 16, what is -1884 + -17?
-189b
In base 2, what is 11001 - 10001011110101?
-10001011011100
In base 4, what is 1 + 1012332?
1012333
In base 10, what is 15028 + -7?
15021
In base 14, what is a + -2212?
-2206
In base 5, what is -14340 + 124?
-14211
In base 12, what is 91 + 4386?
4457
In base 15, what is 3088 + 5?
308d
In base 14, what is 21154 - 6?
2114c
In base 8, what is 3425 - -317?
3744
In base 12, what is 4 - -17318?
17320
In base 16, what is -1 - 5c656?
-5c657
In base 4, what is 1130 + 3212010?
3213200
In base 11, what is -7 + -17064?
-17070
In base 16, what is -a2b - -15?
-a16
In base 14, what is -4257 - -1?
-4256
In base 6, what is 12 + 23201433?
23201445
In base 14, what is 7 + -8666?
-865d
In base 14, what is 63 + -b2a0?
-b23b
In base 6, what is -3 - -1150052?
1150045
In base 11, what is -17156 - -3?
-17153
In base 16, what is -4 - -290c?
2908
In base 4, what is 10301 + -3331?
310
In base 16, what is -10 - f3b?
-f4b
In base 8, what is 2312 + -37?
2253
In base 16, what is -2 - -1bd0d?
1bd0b
In base 2, what is 10101 + 10111110001010